, what is 17 - 21230562?
-21230543
In base 15, what is -48e930 + 0?
-48e930
In base 11, what is 5 + 217a718a?
217a7194
In base 5, what is -1214 + -141423021?
-141424240
In base 12, what is -26b48 + -1a88?
-28a14
In base 14, what is -1a7 + -15c3?
-178a
In base 14, what is -3 - -545bc2?
545bbd
In base 13, what is 4 - -1687b76?
1687b7a
In base 4, what is -2 - 1232202031300?
-1232202031302
In base 5, what is 1221202 + 320?
1222022
In base 10, what is 7317 + 81144?
88461
In base 13, what is -44b - 12943?
-13091
In base 8, what is -2407 + 7447?
5040
In base 13, what is 5 + -3bc0a?
-3bc05
In base 3, what is -210 + 210102120211?
210102120001
In base 15, what is 1b71a5 + -3?
1b71a2
In base 16, what is -512 - 6614?
-6b26
In base 15, what is 5 + 6eb0a48?
6eb0a4d
In base 9, what is -207306027 + 0?
-207306027
In base 6, what is -51543052 - 10?
-51543102
In base 13, what is -1 - c969133?
-c969134
In base 3, what is 20212101020101100 + 2?
20212101020101102
In base 8, what is 12561 + 441?
13222
In base 11, what is -45132 - -570?
-44672
In base 15, what is -1 + 2e37c4b?
2e37c4a
In base 8, what is -1 - -3401054?
3401053
In base 15, what is -969 - -396?
-5c3
In base 6, what is -54 - -1231044335?
1231044241
In base 2, what is -1100001111001110001 - -11110101?
-1100001110101111100
In base 12, what is -42 + 207ba?
20778
In base 16, what is 30 - -1257a?
125aa
In base 15, what is 4a32d695 - 3?
4a32d692
In base 8, what is 11235 - 11456?
-221
In base 2, what is 1100000000111 + -1001101000?
1010110011111
In base 8, what is -11763 - -734?
-11027
In base 6, what is 5044122450 - 5?
5044122441
In base 5, what is 201 - -11213334?
11214040
In base 5, what is 1110102 + -24013?
1031034
In base 14, what is 48 - -8863d?
88687
In base 7, what is -266042 - 2066?
-301141
In base 13, what is 50972 - 49?
50926
In base 16, what is 4957e - 4?
4957a
In base 4, what is 20123210030 - -123?
20123210213
In base 5, what is 101134 - -10010?
111144
In base 8, what is -4 - 75075756?
-75075762
In base 14, what is -5968 + b67?
-4c01
In base 3, what is 20022022212111 + 1?
20022022212112
In base 4, what is 122 + -2102121112?
-2102120330
In base 15, what is 46890 + 171?
46a11
In base 7, what is -3 + 135424300?
135424264
In base 8, what is 5 - -136676741?
136676746
In base 5, what is 114311041 + 233?
114311324
In base 15, what is -8375 + 12a?
-824a
In base 6, what is -20 + 214203?
214143
In base 12, what is 1869 - 812?
1057
In base 7, what is 1166 + -301421?
-300222
In base 4, what is 112 + -320000022013?
-320000021301
In base 12, what is -6921 + -233?
-6b54
In base 4, what is 10312101232 - 32?
10312101200
In base 12, what is -3264 - -a411?
7169
In base 15, what is -d2 - -73168?
73086
In base 7, what is -1232250635 + 0?
-1232250635
In base 16, what is 5 + -d27cdd?
-d27cd8
In base 3, what is 21222000021020 - 0?
21222000021020
In base 3, what is 100 + -102001221020?
-102001220220
In base 13, what is -a1 - 33bac1?
-33bb92
In base 3, what is 212120 + 11221211012?
11222200202
In base 2, what is -10111001100001011111010 + 11?
-10111001100001011110111
In base 10, what is -1953413 - -9?
-1953404
In base 9, what is -1124 - -75473?
74348
In base 16, what is 938a0 - -16?
938b6
In base 9, what is -122 + -8282068?
-8282201
In base 3, what is 100110 - 2202002?
-2101122
In base 14, what is -1c + -cab3d?
-cab5b
In base 8, what is -15 - -1142343?
1142326
In base 3, what is 100 - -10221110111201210?
10221110111202010
In base 4, what is 2 + -31301003221130?
-31301003221122
In base 6, what is 122122554 - -50?
122123044
In base 3, what is -21021 - 10201200121111?
-10201200212202
In base 7, what is -5 + -113253033?
-113253041
In base 6, what is 111320400 - 1?
111320355
In base 14, what is a - 33b541?
-33b535
In base 8, what is -3 + 23423203?
23423200
In base 6, what is 4 - 1050241555?
-1050241551
In base 4, what is -21031121313 - 112?
-21031122031
In base 15, what is 179c + 153?
1900
In base 13, what is 44620 + -37b5?
40b38
In base 9, what is -101752 - -17632?
-73120
In base 12, what is 916 - -221369?
222083
In base 9, what is 10 + -13442768?
-13442758
In base 14, what is -94c497d + -3?
-94c4982
In base 7, what is -153064 + 30142?
-122622
In base 2, what is 10011 + -1101110001101110110000?
-1101110001101110011101
In base 15, what is 6 - 1214cd?
-1214c7
In base 4, what is -122 - 1003123112?
-1003123300
In base 15, what is 10 + 21aaa?
21aba
In base 4, what is 231 + 1232213113101?
1232213113332
In base 10, what is -37 - -13781825?
13781788
In base 11, what is 1 + 1094853?
1094854
In base 8, what is 17335426 - -144?
17335572
In base 14, what is -6980b - d3?
-69900
In base 7, what is -14 - -1526256233?
1526256216
In base 4, what is -102322 - -12232110?
12123122
In base 2, what is 1001110011000111 + 100010010?
1001110111011001
In base 3, what is -111 + 121210001001?
121210000120
In base 2, what is -1111000001011 - -110000000001?
-1001000001010
In base 12, what is -a0b8304 - -13?
-a0b82b1
In base 11, what is 17a64 + 30a?
18273
In base 15, what is 4 - -172b005e?
172b0063
In base 7, what is -1125 - 65205?
-66333
In base 6, what is -1114515 - -2?
-1114513
In base 5, what is -214 - -10230414133?
10230413414
In base 5, what is -240114031 + -21?
-240114102
In base 15, what is -96 - 9532a?
-953c1
In base 16, what is 6330d7 + -22?
6330b5
In base 15, what is -6403 - -3e2?
-6011
In base 10, what is -4328 + 3364?
-964
In base 16, what is -2 - 1d762f?
-1d7631
In base 4, what is 3030 + -111311330?
-111302300
In base 11, what is 3245317 + -8?
324530a
In base 7, what is 5 + 3326632600?
3326632605
In base 12, what is 38a8122 - -15?
38a8137
In base 9, what is 3 + 68424626?
68424630
In base 16, what is -81184e + 8?
-811846
In base 11, what is 2 - -10110778?
1011077a
In base 2, what is 101010111110011011 - -101000001100?
101011100110100111
In base 7, what is -64 + 142306042?
142305645
In base 14, what is 3474 - d58?
251a
In base 6, what is -121 + -521410234?
-521410355
In base 11, what is 5 + a16081?
a16086
In base 10, what is 315 - 30094?
-29779
In base 12, what is 2 - 6a82a0?
-6a829a
In base 3, what is 10202122222021002 + 21?
10202122222021100
In base 7, what is -252 - 300420?
-301002
In base 5, what is -20010000144 - -4?
-20010000140
In base 10, what is 49 - -32002?
32051
In base 5, what is 14013 + 10023010?
10042023
In base 13, what is 561b18 + -67?
561a81
In base 2, what is -10100010010110 - -1010010000010?
-1010000010100
In base 2, what is 111000111110011001 + -1101101?
111000111100101100
In base 10, what is -21465229 - 5?
-21465234
In base 9, what is 8 - 26617270?
-26617261
In base 3, what is 10022200112 - -122110?
10100022222
In base 5, what is -1404212 + 1400?
-1402312
In base 8, what is -365606466 + 0?
-365606466
In base 3, what is -1200120012 + 1211012?
-1121202000
In base 16, what is 5bae + -4598?
1616
In base 12, what is -2125 + -2735?
-485a
In base 8, what is 1510 - 72412?
-70702
In base 3, what is -200110211100 - -221?
-200110210102
In base 7, what is 36360 + 20135?
56525
In base 10, what is 9181632 - 6?
9181626
In base 8, what is 24736 - -413?
25351
In base 15, what is -6663 - 0?
-6663
In base 9, what is -17 - 1107?
-1125
In base 15, what is 393 - 7ddb?
-7a48
In base 5, what is 1413333 - -33414?
2002302
In base 9, what is -452148 + -738?
-452887
In base 7, what is -263156 - -1526?
-261330
In base 14, what is 3 - 8a37c3b?
-8a37c38
In base 10, what is 2 - 9454895?
-9454893
In base 10, what is -14 + 397638?
397624
In base 6, what is 222042 + 3552?
230034
In base 12, what is 3 - -5971b567?
5971b56a
In base 12, what is 65990 + 3a3?
66173
In base 10, what is -31800840 - 0?
-31800840
In base 7, what is -61426 - 4060?
-65516
In base 5, what is -3331112403 - -102?
-3331112301
In base 2, what is 10101101 + -1110111101000011110111?
-1110111101000001001010
In base 11, what is 15 + 11aa967?
11aa981
In base 8, what is -377 - -34146?
33547
In base 2, what is 1010010 - -110111000010101?
110111001100111
In base 8, what is -2021 - 6110?
-10131
In base 4, what is 20313000 + -302?
20312032
In base 6, what is 43205 - -20113?
103322
In base 6, what is 333111544 - -25?
333112013
In base 9, what is 23542 - -10627?
34270
In base 14, what is 117 - -37bb?
38d4
In base 2, what is 10010011110 - 101101110101?
-11011010111
In base 10, what is 0 - -2875001?
2